 + 24. Suppose 5*q - 3*w = -81, 2*q = 4*q - w + 32. Is p(q) composite?
True
Suppose -4*u - 7*u = -112959. Suppose -u = -10*b + b. Is b prime?
False
Let r = 3483 + -1924. Is r composite?
False
Suppose -7*m = -32*m + 13525. Is m prime?
True
Let t(k) = -k**3 + 21*k**2 - 10*k + 19. Is t(9) prime?
False
Suppose g - 11*g + 20 = 0. Let c(y) = 240*y**3 + 3*y**2 + 2*y + 1. Is c(g) prime?
False
Suppose 0 = 14*y - 21385 - 28861. Is y a prime number?
False
Suppose 9936 = 4*y - 5*a - 10925, 0 = a - 3. Is y a composite number?
True
Let n(x) = 18*x**3 + 6*x**2 - 8*x - 11. Let l(z) = 17*z**3 + 5*z**2 - 9*z - 11. Let y(j) = -4*l(j) + 3*n(j). Is y(-5) a prime number?
False
Let d(z) = -108*z**3 + z**2 + 4*z + 4. Let o be d(-2). Suppose -l + 4*t = 3*l - 1192, -3*l - 3*t + o = 0. Is l a composite number?
False
Suppose 639 = 3*z - 1752. Is z prime?
True
Suppose 0 = -3*d - 9, -2*g + d + 36535 + 7366 = 0. Is g a prime number?
False
Let u(c) = 8*c - 7. Let x be u(8). Let j be (x/6)/(2/4). Let d = 168 - j. Is d prime?
True
Suppose 0 = 17*t + 111024 - 332041. Is t composite?
False
Let a(w) = -28*w + 10. Suppose -4*q + 50 = q - 5*p, -2*q = -5*p - 17. Let b be a(q). Let t = 61 - b. Is t prime?
True
Let k(h) be the third derivative of -19*h**4/12 + 7*h**3/6 - 14*h**2. Is k(-4) a composite number?
True
Suppose 0 = -3*t + 12, -j = 4*t - 13 - 4. Let w be 1/(-4)*0 + 3. Is j*w + -6 + 800 composite?
False
Suppose 5*y = -3 - 7. Let g(d) be the third derivative of -19*d**4/24 - d**3/6 + 31*d**2. Is g(y) a composite number?
False
Let i(a) be the third derivative of a**8/6720 - a**7/420 - a**6/120 + 3*a**5/40 + a**4/24 + 3*a**2. Let g(k) be the second derivative of i(k). Is g(8) prime?
True
Let s = -25 - -25. Suppose 5*a + b - 3938 = s, 0*a - 2*b - 3929 = -5*a. Is a composite?
False
Let n = 72 - 69. Is (0 + -1)*((-956)/1 + n) composite?
False
Let m = -74 + -922. Let f = m - -1687. Is f a composite number?
False
Let l be 34166/55 - (6/(-10))/(-3). Let d = l - -560. Is d prime?
True
Suppose -2*z = -3*z - 3, 0 = -2*f - 2*z. Suppose f*m = 4*m. Suppose m = -2*j - 198 + 512. Is j a prime number?
True
Let b = 11 + -8. Suppose -k - 65 - 582 = -5*d, b*k + 3*d + 1995 = 0. Let v = -211 - k. Is v a composite number?
True
Let t(i) = 18*i**2 - i. Suppose -4*m + 3 = -y, -5*y + 0*m - m = -6. Suppose y = -w - 0. Is t(w) composite?
False
Is 133790/(-50)*-2*5/2 prime?
False
Let c = 1120 + -736. Suppose 0 = -2*s + c + 22. Suppose 0 = 2*z + 45 - s. Is z a composite number?
False
Is (-1)/(-6)*3*(-23 + 3489) prime?
True
Let v(i) = i - 1. Let f(x) = -2*x + 11. Let n(s) = f(s) + 3*v(s). Let t be n(-6). Suppose -5*r = -10, -r + 65 + 91 = t*u. Is u a composite number?
True
Let r = -226 + 121. Let o = 22 - r. Is o prime?
True
Suppose 2*x + x = 3*a + 45753, 0 = -3*a + 6. Is x a prime number?
False
Let x(c) = -c**3 + 47*c**2 - 62*c - 27. Is x(34) composite?
False
Suppose 3*a = 8*a + 4*v - 11, -8 = -a + 5*v. Suppose 3*q - q + a*y = 455, -922 = -4*q - 2*y. Suppose 4*g = -2*p + 514, 7*g = p + 4*g - q. Is p a prime number?
False
Let u(x) = -x**2 + 3*x + 4. Let a be u(4). Is (a - 3) + 1 - 478/(-2) a composite number?
True
Let h = 144 - 36. Let c(j) = 6*j**3 - 3*j - 2. Let r be c(-1). Let g = r + h. Is g prime?
True
Suppose -2*t - 6 = -3*t. Suppose -4*y + t*y = 368. Suppose -y = m - 5*m. Is m a composite number?
True
Let k(z) = 4 - 3*z - 4 + 13*z**2 - 12*z**2 - 16 + 9*z**3. Is k(5) a composite number?
True
Let a be (-38)/(3*(-2)/213). Suppose 2*o - 3*w = 127 + 774, a = 3*o - 2*w. Is o a composite number?
False
Let u = -775 - -1156. Is u composite?
True
Suppose 0 = d + 61 - 25. Let t be 17/(-34) + 34*1/4. Is ((-118)/t)/(9/d) a prime number?
True
Let q = -12 + -8. Let u be 255/q*2*2. Let k = -20 - u. Is k prime?
True
Let v(f) = -55*f**2 - 23*f - 3. Let p(c) = 18*c**2 + 8*c + 1. Let d(l) = -17*p(l) - 6*v(l). Let w be ((6 - 3)/3)/(-1). Is d(w) a prime number?
True
Let g(b) = b - 4. Let n be g(2). Let l(d) = 157*d**2 - 3*d - 3. Is l(n) a prime number?
True
Let s(l) = l**3 + 7*l**2 - 20*l - 15. Let z be s(-9). Suppose -2*d + 4*v + 778 = 0, -2*v + 1122 = z*d + v. Is d prime?
True
Let l(a) = -a**3 + 4*a**2 + 17*a - 8. Let j be l(7). Let t be (-3)/((-4)/((-232)/(-3))). Let p = j + t. Is p a prime number?
False
Let l(m) = 4*m**2 - 54*m + 7. Is l(-5) a composite number?
True
Suppose -1987 = -4*o - 3*y, -2*o = -5*y - 87 - 874. Is o a composite number?
True
Suppose 22529 = 5*i - 2*g, -5*g = 3*i - 5317 - 8219. Is i prime?
True
Let h be 0/((-4)/1) + 3. Let f be h/(-6)*2*-17. Suppose -243 = -r - f. Is r composite?
True
Suppose -3*j + 5762 = q - 125, 5*j = -20. Is q composite?
True
Let m(t) = 14*t**2 + t - 4. Let o be m(2). Suppose 519 = 4*c - 5*b + 203, -c + o = 5*b. Is c a prime number?
False
Is 22047*((-2)/(-24) - (-36)/144) composite?
False
Let w(v) = v**3 + 3*v**2 - v + 2. Let j(z) be the first derivative of -3*z**2/2 - 15*z - 2. Let i be j(-6). Is w(i) prime?
True
Let p(m) = -m**3 + 5*m**2 + 7*m - 7. Let t be p(6). Let u be t + 1 - 3/(-3). Is u*(-8 + 4) - -41 a composite number?
False
Let o = -52222 - -74864. Is o composite?
True
Let t(l) = 44*l - 7. Let s be t(3). Suppose 0*y - y = 2*q - s, -3*q - 402 = -3*y. Is y composite?
False
Suppose 0 = -4*p + 6*p + 6. Let q(f) = 136*f**2 - 11*f + 2. Is q(p) a composite number?
False
Let s(g) = 7*g - 1 + 7*g - 12*g + 20*g**2 - g. Let t be (1 - 0/(-2)) + -3. Is s(t) prime?
False
Is (-15 - (-177)/12)/((-2)/129224) prime?
False
Let j(b) = 130 + 4*b + 48 + 33. Is j(0) prime?
True
Let b = 25 + -20. Suppose -b*q + 3*q = -320. Suppose -k - 18 = -q. Is k a composite number?
True
Let z = 5475 - 3142. Is z a composite number?
False
Suppose 4*i - 16 = 0, -2*p + p = -2*i - 3. Let t be p - 0*(-2)/8. Suppose -126 = -5*r - t. Is r composite?
False
Suppose -152354 = -19*x - 15*x. Is x prime?
True
Suppose 2*s + 0 = 10. Suppose s*z = 3*w + 36, w - 4 = 2*z - 18. Is (14/6)/(z/306) a prime number?
False
Let c = -8455 - -13836. Is c a prime number?
True
Suppose 5*i + 347 = k, 2*k - 786 = -3*i - 131. Suppose 0*r - r + 5 = h, -4*h + 2*r = -8. Suppose -7*u = -h*u - k. Is u prime?
True
Suppose -5598 = 6*f - 12*f. Is f a composite number?
True
Is (-2)/6*-1 + 3784/6 prime?
True
Is (-21)/56*2 + 22815/4 prime?
False
Suppose m = 2*v + 2*v - 31, 0 = -v - 5*m + 34. Is (-6)/v + -2 + 5249/3 a composite number?
False
Let w(r) = 102*r**2 + 2*r - 1. Let m(b) = 101*b**2 + 2*b - 1. Let q(k) = 4*m(k) - 3*w(k). Is q(3) a prime number?
True
Suppose -3*r - 2*r = -77195. Is r a prime number?
True
Suppose 6*h - 5*h + 306 = 0. Suppose -3*o - 1712 = 5*q, 5*q = 5*o + 4617 - 1777. Let v = h - o. Is v composite?
False
Is (-189356)/(-4)*(-17 + 18) prime?
True
Let o be (-1)/(-2)*(1 - -3991). Suppose 3*u - o = -u. Is u composite?
False
Let l(q) = -2*q - 11. Let g be l(-7). Suppose 0 = -g*a - 3*s + 3611 + 3589, -s = 4*a - 9609. Suppose 956 = 2*t - r, 0 = -5*t + 2*r - 6*r + a. Is t composite?
False
Let w = 8866 + 2975. Is w a composite number?
True
Let y = 8 + -3. Let u(c) = c**3 - 6*c**2 + 6*c - 6. Let z be u(y). Is -3 - (-6)/z*-1 prime?
True
Let o(t) be the second derivative of -16*t**3/3 - t**2 - 17*t. Is o(-8) a composite number?
True
Suppose 4*x = 11534 - 850. Is x prime?
True
Suppose -3*l + 1089 = -2*l. Suppose -x - l = 2*x. Let c = x + 656. Is c a composite number?
False
Let k(j) = 160*j**2 + j - 1. Let a be k(-2). Let c = 543 - 492. Suppose -2*b = -a + c. Is b a composite number?
False
Let x be ((-8)/6)/(15/(-90)). Suppose 8*o = x + 64. Let c = 212 + o. Is c a composite number?
True
Let j(a) = 2 + 8*a + a - 13*a + 9*a**2. Let u be j(2). Let o = u + 5. Is o a prime number?
False
Let p(v) = 5*v**3. Let r be p(1). Let s = r + -4. Is (-1)/((-3)/201*s) a prime number?
True
Suppose 7339 = 6*v - 10499. Is v composite?
True
Suppose 5*i - 1780 - 2885 = 0. Let m = 1840 - i. Is m composite?
False
Let r = 715 - 265. Let m be (-5)/((-5)/(-2)) - r. Let c = -291 - m. Is c composite?
True
Suppose -5*c = 3387 + 3703. Let h = c - -2256. Is h a composite number?
True
Let j(h) = h**2 + 5*h + 6. Let b be j(9). Suppose 3*i = -0*i + b. Suppose i = 7*d - 3*d. Is d composite?
False
Let i be (1 - 115)*(-12 - -11). Let v = i - -71. Is v a composite number?
True
Suppose 0 = -5*a - 2*a + 189. Let s = a + 167. Is s a prime number?
False
Let b = 645 + -8267. Le